{"id":40,"date":"2023-09-13T05:21:10","date_gmt":"2023-09-13T04:21:10","guid":{"rendered":"https:\/\/innhanh.ai\/?page_id=40"},"modified":"2024-07-01T05:26:08","modified_gmt":"2024-07-01T04:26:08","slug":"ve-chung-toi","status":"publish","type":"page","link":"https:\/\/innhanh.ai\/index.php\/ve-chung-toi\/","title":{"rendered":"V\u1ec1 Ch\u00fang T\u00f4i"},"content":{"rendered":"\t<section class=\"section\" id=\"section_236109534\">\n\t\t<div class=\"bg section-bg fill bg-fill  bg-loaded\" >\n\n\t\t\t\n\t\t\t\n\t\t\t\n\n\t\t<\/div>\n\n\t\t\n\n\t\t<div class=\"section-content relative\">\n\t\t\t\n\t<div id=\"gap-1295593787\" class=\"gap-element clearfix\" style=\"display:block; height:auto;\">\n\t\t\n<style>\n#gap-1295593787 {\n  padding-top: 30px;\n}\n<\/style>\n\t<\/div>\n\t\n<div class=\"row row-large align-equal\"  id=\"row-2010625766\">\n\n\t<div id=\"col-1828020083\" class=\"col medium-6 small-12 large-6\"  >\n\t\t\t\t<div class=\"col-inner\"  >\n\t\t\t\n\t\t\t\n\t<div id=\"text-1475036503\" class=\"text\">\n\t\t\n<p class=\"uppercase thin-font lead\"><strong><span style=\"color: #0000ff;\">V\u1ec0 CH\u00daNG T\u00d4I<\/span><\/strong><\/p>\n\t\t\n<style>\n#text-1475036503 {\n  font-size: 1.85rem;\n  line-height: 1;\n}\n<\/style>\n\t<\/div>\n\t\n<div><span style=\"font-size: 110%; color: #000000;\"><strong>C\u00d4NG TY TNHH AIPRINT\u00a0 XIN G\u1eecI L\u1edcI CH\u00daC S\u1ee8C KH\u1eceE V\u00c0 TH\u00c0NH C\u00d4NG \u0110\u1ebeN QU\u00dd KH\u00c1CH!<\/strong><\/span><\/div>\n<div><\/div>\n<div><span style=\"font-size: 110%; color: #000000;\">AIPRINT l\u00e0 c\u00f4ng ty in \u1ea5n chuy\u00ean nghi\u1ec7p cung c\u1ea5p c\u00e1c s\u1ea3n ph\u1ea9m In Nhanh, In T\u1edd R\u01a1i, In Catalogue, In Folder, In Tem Nh\u00e3n, In Tag, Th\u1ebb Treo, In Decal\u2026. gi\u00e1 r\u1ebb v\u00e0 ch\u1ea5t l\u01b0\u1ee3ng t\u1ed1t t\u1ea1i TP. HCM.<\/span><\/div>\n<div><span style=\"font-size: 110%; color: #000000;\">V\u1edbi g\u1ea7n 20 n\u0103m trong ngh\u1ec1, ch\u00fang t\u00f4i vinh d\u1ef1 \u0111\u00f3n nh\u1eadn \u0111\u01b0\u1ee3c s\u1ef1 tin t\u01b0\u1edfng c\u1ee7a h\u00e0ng ng\u00e0n kh\u00e1ch h\u00e0ng. Trong s\u1ed1 \u0111\u00f3, c\u00f3 r\u1ea5t nhi\u1ec1u \u0111\u1ed1i t\u00e1c l\u1edbn, g\u1eafn b\u00f3 su\u1ed1t nhi\u1ec1u n\u0103m qua v\u00e0 c\u00e1c c\u00f4ng ty thi\u1ebft k\u1ebf, in \u1ea5n bao b\u00ec chuy\u00ean nghi\u1ec7p.<\/span><\/div>\n<div><span style=\"font-size: 110%; color: #000000;\">V\u00e0 \u0111\u00e2y l\u00e0 6 l\u00fd do ch\u00fang t\u00f4i \u0111\u01b0\u1ee3c ch\u1ecdn:<\/span><\/div>\n<div><\/div>\n<div><span style=\"font-size: 110%; color: #000000;\"><strong>1.\u00a0 \u00a0 M\u00c1Y M\u00d3C HI\u1ec6N \u0110\u1ea0I KH\u00c9P K\u00cdN<\/strong><\/span><\/div>\n<div><span style=\"font-size: 110%; color: #000000;\">Ch\u00fang t\u00f4i s\u1edf h\u1eefu d\u00e0n m\u00e1y in nhanh chuy\u00ean nghi\u1ec7p c\u00f9ng \u0111\u1ea7y \u0111\u1ee7 h\u1ec7 th\u1ed1ng m\u00e1y m\u00f3c th\u00e0nh ph\u1ea9m nh\u01b0 m\u00e1y c\u1eaft, c\u00e1n m\u00e0ng, \u0111\u00f3ng kim, m\u00e0i keo, m\u00e1y b\u1ebf demi nh\u00e3n, m\u00e1y b\u1ebf, m\u00e1y b\u1ebf t\u1ef1 \u0111\u1ed9ng\u2026<\/span><\/div>\n<div><span style=\"font-size: 110%; color: #000000;\">H\u1ec7 th\u1ed1ng m\u00e1y m\u00f3c kh\u00e9p k\u00edn, gi\u00fap ch\u00fang t\u00f4i in ra nh\u1eefng s\u1ea3n ph\u1ea9m \u0111\u1eb9p nh\u1ea5t v\u1edbi th\u1eddi gian ch\u1ee7 \u0111\u1ed9ng nh\u1ea5t. \u0110\u1ebfn v\u1edbi ch\u00fang t\u00f4i, kh\u00e1ch h\u00e0ng kh\u00f4ng ph\u1ea3i d\u1edf kh\u00f3c d\u1edf c\u01b0\u1eddi v\u1edbi nh\u1eefng t\u00ecnh hu\u1ed1ng in m\u1ed9t n\u01a1i, \u0111i c\u00e1n m\u00e0ng 1 n\u01a1i v\u00e0 \u0111i th\u00eam v\u00e0i n\u01a1i n\u1eefa \u0111\u1ec3 b\u1ebf, m\u00e0i keo, \u0111\u00f3ng cu\u1ed1n\u2026 S\u1ea3n ph\u1ea9m \u0111\u1ebfn tay qu\u00fd kh\u00e1ch lu\u00f4n l\u00e0 s\u1ea3n ph\u1ea9m tr\u1ecdn v\u1eb9n.<\/span><\/div>\n<div><\/div>\n<div><span style=\"font-size: 110%; color: #000000;\"><strong>2.\u00a0 \u00a0 T\u1ed0C \u0110\u1ed8 NHANH NH\u1ea4T<\/strong><\/span><\/div>\n<div><span style=\"font-size: 110%; color: #000000;\">Ch\u00fang t\u00f4i c\u00f3 \u0111\u00f4ng \u0111\u1ea3o \u0111\u1ed9i ng\u0169 nh\u00e2n vi\u00ean gi\u00e0u kinh nghi\u1ec7m, t\u1ef1 tin t\u1ea1o ra s\u1ea3n ph\u1ea9m in \u1ea5n v\u1edbi T\u1ed0C \u0110\u1ed8 NHANH NH\u1ea4T\u2013 S\u1ea2N PH\u1ea8M HO\u00c0N H\u1ea2O NH\u1ea4T. B\u1ea1n c\u00f3 th\u1ec3 l\u1ea5y c\u1ea3 ng\u00e0n tem nh\u00e3n hay v\u00e0i cu\u1ed1n catalogue ch\u1ec9 sau m\u1ed9t v\u00e0i ti\u1ebfng.<\/span><\/div>\n<div><\/div>\n<div><span style=\"font-size: 110%; color: #000000;\"><strong>3.\u00a0 \u00a0 GI\u00c1 TH\u00c0NH H\u1ee2P L\u00dd NH\u1ea4T<\/strong><\/span><\/div>\n<div><span style=\"font-size: 110%; color: #000000;\">V\u1edbi h\u1ec7 th\u1ed1ng nh\u00e0 cung c\u1ea5p phong ph\u00fa, m\u00e1y m\u00f3c v\u00e0 nh\u00e2n s\u1ef1, ch\u00fang t\u00f4i t\u1ea1o ra s\u1ea3n ph\u1ea9m v\u1edbi gi\u00e1 th\u00e0nh h\u1ee3p l\u00fd nh\u1ea5t.<\/span><\/div>\n<div><\/div>\n<div><span style=\"font-size: 110%; color: #000000;\"><strong>4.\u00a0 \u00a0 NH\u1eacN IN M\u1eccI S\u1ed0 L\u01af\u1ee2NG<\/strong><\/span><\/div>\n<div><span style=\"font-size: 110%; color: #000000;\">Ch\u00fang t\u00f4i nh\u1eadn m\u1ecdi s\u1ed1 l\u01b0\u1ee3ng, t\u1eeb r\u1ea5t \u00edt \u0111\u1ebfn r\u1ea5t nhi\u1ec1u, t\u1eeb INNHANH.AI \u0111\u1ebfn in offset. Ch\u00fang t\u00f4i kh\u00f4ng ng\u1ea1i s\u1ed1 l\u01b0\u1ee3ng \u00edt, v\u00ec hi\u1ec3u r\u1eb1ng, kh\u1edfi nghi\u1ec7p r\u1ea5t kh\u00f3 kh\u0103n v\u00e0 b\u1ea1n ch\u1ec9 c\u1ea7n v\u00e0i con tem, v\u00e0i t\u1edd r\u01a1i hay ch\u1ec9 1 cu\u1ed1n catalogue \u0111\u1ec3 ti\u1ebft ki\u1ec7m chi ph\u00ed.<\/span><\/div>\n<div><\/div>\n<div><span style=\"font-size: 110%; color: #000000;\"><strong>5.\u00a0 \u00a0 NHI\u1ec6T T\u00ccNH, T\u1eacN T\u1ee4Y<\/strong><\/span><\/div>\n<div><span style=\"font-size: 110%; color: #000000;\">V\u1edbi \u0111\u1ed9i ng\u0169 t\u01b0 v\u1ea5n nhi\u1ec7t t\u00ecnh, gi\u00e0u kinh nghi\u1ec7m trong l\u0129nh v\u1ef1c in \u1ea5n, ch\u00fang t\u00f4i t\u01b0 v\u1ea5n cho qu\u00fd kh\u00e1ch s\u1ea3n ph\u1ea9m ph\u00f9 h\u1ee3p nh\u1ea5t v\u1edbi chi ph\u00ed th\u1ea5p nh\u1ea5t. Ph\u01b0\u01a1ng ch\u00e2m c\u1ee7a ch\u00fang t\u00f4i: \u201cH\u00e3y l\u00e0m th\u1eadt t\u1ed1t nh\u1eefng g\u00ec b\u1ea1n c\u00f3 th\u1ec3, kh\u00e1ch h\u00e0ng s\u1ebd quay l\u1ea1i c\u00f9ng v\u1edbi b\u1ea1n c\u1ee7a h\u1ecd\u201d.<\/span><\/div>\n<div><\/div>\n<div><span style=\"font-size: 110%; color: #000000;\"><strong>6.\u00a0 \u00a0 GIAO H\u00c0NG T\u1eacN N\u01a0I\u00a0<\/strong><\/span><\/div>\n<div><span style=\"font-size: 110%; color: #000000;\">Ch\u00fang t\u00f4i giao h\u00e0ng t\u1eadn n\u01a1i n\u1ed9i th\u00e0nh TP. HCM cho \u0111\u01a1n h\u00e0ng 1.000.000 tr\u1edf l\u00ean. Kh\u00e1ch h\u00e0ng \u1edf t\u1ec9nh xa hay ngo\u1ea1i th\u00e0nh, ch\u00fang t\u00f4i h\u1ed7 tr\u1ee3 \u0111\u1eb7t c\u00e1c h\u00ecnh th\u1ee9c giao h\u00e0ng ti\u1ebft ki\u1ec7m nh\u1ea5t \u0111\u1ec3 g\u1eedi h\u00e0ng v\u1ec1 t\u1eadn tay b\u1ea1n.<\/span><\/div>\n\t<div id=\"gap-1759852605\" class=\"gap-element clearfix\" style=\"display:block; height:auto;\">\n\t\t\n<style>\n#gap-1759852605 {\n  padding-top: 25px;\n}\n<\/style>\n\t<\/div>\n\t\n\n  <div class=\"banner has-hover\" id=\"banner-734368203\">\n          <div class=\"banner-inner fill\">\n        <div class=\"banner-bg fill\" >\n            <div class=\"bg fill bg-fill \"><\/div>\n                                    \n                    <\/div>\n\t\t\n        <div class=\"banner-layers container\">\n            <div class=\"fill banner-link\"><\/div>            \n   <div id=\"text-box-1903384888\" class=\"text-box banner-layer x50 md-x50 lg-x50 y50 md-y50 lg-y50 res-text\">\n                                <div class=\"text-box-content text dark\">\n              \n              <div class=\"text-inner text-center\">\n                  \n              <\/div>\n           <\/div>\n                            \n<style>\n#text-box-1903384888 {\n  width: 60%;\n}\n#text-box-1903384888 .text-box-content {\n  font-size: 100%;\n}\n@media (min-width:550px) {\n  #text-box-1903384888 {\n    width: 60%;\n  }\n}\n<\/style>\n    <\/div>\n \n        <\/div>\n      <\/div>\n\n            \n<style>\n#banner-734368203 {\n  padding-top: 99.99%;\n  background-color: rgba(255, 255, 255, 0);\n}\n@media (min-width:550px) {\n  #banner-734368203 {\n    padding-top: 550px;\n  }\n}\n<\/style>\n  <\/div>\n\n\n\t\t<\/div>\n\t\t\t\t\t<\/div>\n\n\t\n\n\t<div id=\"col-475619745\" class=\"col medium-6 small-12 large-6\"  >\n\t\t\t\t<div class=\"col-inner\"  >\n\t\t\t\n\t\t\t\n\n  <div class=\"banner has-hover\" id=\"banner-230783256\">\n          <div class=\"banner-inner fill\">\n        <div class=\"banner-bg fill\" >\n            <div class=\"bg fill bg-fill \"><\/div>\n                                    \n                    <\/div>\n\t\t\n        <div class=\"banner-layers container\">\n            <div class=\"fill banner-link\"><\/div>            \n   <div id=\"text-box-941457598\" class=\"text-box banner-layer x50 md-x50 lg-x50 y50 md-y50 lg-y50 res-text\">\n                                <div class=\"text-box-content text dark\">\n              \n              <div class=\"text-inner text-center\">\n                  \n              <\/div>\n           <\/div>\n                            \n<style>\n#text-box-941457598 {\n  width: 60%;\n}\n#text-box-941457598 .text-box-content {\n  font-size: 100%;\n}\n@media (min-width:550px) {\n  #text-box-941457598 {\n    width: 60%;\n  }\n}\n<\/style>\n    <\/div>\n \n        <\/div>\n      <\/div>\n\n            \n<style>\n#banner-230783256 {\n  padding-top: 99.99%;\n  background-color: rgba(255, 255, 255, 0);\n}\n#banner-230783256 .bg.bg-loaded {\n  background-image: url(https:\/\/innhanh.ai\/wp-content\/uploads\/2023\/09\/BANNER-AN-PAHM-2-1-scaled.jpg);\n}\n@media (min-width:550px) {\n  #banner-230783256 {\n    padding-top: 550px;\n  }\n}\n<\/style>\n  <\/div>\n\n\n\t<div id=\"gap-730815957\" class=\"gap-element clearfix\" style=\"display:block; height:auto;\">\n\t\t\n<style>\n#gap-730815957 {\n  padding-top: 30px;\n}\n<\/style>\n\t<\/div>\n\t\n<p><strong>Ch\u00fang t\u00f4i kh\u00f4ng ph\u00e2n bi\u1ec7t b\u1ea1n in s\u1ed1 l\u01b0\u1ee3ng\u00a0nhi\u1ec1u hay \u00edt<\/strong>. <strong>Ch\u00fang t\u00f4i nh\u1eadn in m\u1ecdi s\u1ed1 l\u01b0\u1ee3ng m\u00e0 b\u1ea1n c\u1ea7n!!!<\/strong><\/p>\n<p>Ch\u00fang t\u00f4i t\u1ef1 tin v\u00e0o n\u0103ng l\u1ef1c s\u1ea3n xu\u1ea5t c\u1ee7a m\u00ecnh trong vi\u1ec7c khi\u1ebfn kh\u00e1ch h\u00e0ng h\u00e0i l\u00f2ng nh\u1ea5t v\u1ec1\u00a0<strong>CH\u1ea4T L\u01af\u1ee2NG \u2013 TH\u1edcI GIAN \u2013 GI\u00c1 TH\u00c0NH<\/strong><strong>\u00a0<\/strong>v\u00e0 s\u1ef1 t\u1eadn t\u00ecnh, chu \u0111\u00e1o trong D\u1ecaCH V\u1ee4.<\/p>\n<p><strong>AIPRINT\u00a0 <\/strong>l\u00e0 \u0111\u01a1n v\u1ecb in \u1ea5n chuy\u00ean nghi\u1ec7p, kh\u00f4ng ch\u1ec9 ph\u1ee5c v\u1ee5 qu\u00fd kh\u00e1ch \u1edf Th\u00e0nh ph\u1ed1 H\u1ed3 Ch\u00ed Minh m\u00e0 c\u00f2n s\u1eb5n s\u00e0ng ph\u1ee5c v\u1ee5 qu\u00fd kh\u00e1ch \u1edf b\u1ea5t c\u1eed t\u1ec9nh th\u00e0nh n\u00e0o tr\u00ean c\u1ea3 n\u01b0\u1edbc.<\/p>\n<a class=\"button alert\"  style=\"padding:8px 30px 8px 30px;\">\n    <span>G\u1eccI NGAY T\u01af V\u1ea4N MI\u1ec4N PH\u00cd: 0838503366<\/span>\n  <\/a>\n\n\t\t<\/div>\n\t\t\t\t\t<\/div>\n\n\t\n<\/div>\n\t\t<\/div>\n\n\t\t\n<style>\n#section_236109534 {\n  padding-top: 50px;\n  padding-bottom: 50px;\n}\n<\/style>\n\t<\/section>\n\t\n","protected":false},"excerpt":{"rendered":"","protected":false},"author":1,"featured_media":0,"parent":0,"menu_order":0,"comment_status":"closed","ping_status":"closed","template":"","meta":{"_monsterinsights_skip_tracking":false,"_monsterinsights_sitenote_active":false,"_monsterinsights_sitenote_note":"","_monsterinsights_sitenote_category":0,"footnotes":""},"aioseo_notices":[],"_links":{"self":[{"href":"https:\/\/innhanh.ai\/index.php\/wp-json\/wp\/v2\/pages\/40"}],"collection":[{"href":"https:\/\/innhanh.ai\/index.php\/wp-json\/wp\/v2\/pages"}],"about":[{"href":"https:\/\/innhanh.ai\/index.php\/wp-json\/wp\/v2\/types\/page"}],"author":[{"embeddable":true,"href":"https:\/\/innhanh.ai\/index.php\/wp-json\/wp\/v2\/users\/1"}],"replies":[{"embeddable":true,"href":"https:\/\/innhanh.ai\/index.php\/wp-json\/wp\/v2\/comments?post=40"}],"version-history":[{"count":9,"href":"https:\/\/innhanh.ai\/index.php\/wp-json\/wp\/v2\/pages\/40\/revisions"}],"predecessor-version":[{"id":1896,"href":"https:\/\/innhanh.ai\/index.php\/wp-json\/wp\/v2\/pages\/40\/revisions\/1896"}],"wp:attachment":[{"href":"https:\/\/innhanh.ai\/index.php\/wp-json\/wp\/v2\/media?parent=40"}],"curies":[{"name":"wp","href":"https:\/\/api.w.org\/{rel}","templated":true}]}}