{"id":2344,"date":"2024-07-15T10:10:26","date_gmt":"2024-07-15T09:10:26","guid":{"rendered":"https:\/\/innhanh.ai\/?post_type=product&#038;p=2344"},"modified":"2025-01-09T11:17:57","modified_gmt":"2025-01-09T11:17:57","slug":"in-decal-kho-lon","status":"publish","type":"product","link":"https:\/\/innhanh.ai\/index.php\/product\/in-decal-kho-lon\/","title":{"rendered":"IN DECAL KH\u1ed4 L\u1edaN"},"content":{"rendered":"<h1 style=\"font-weight: 500; text-align: center;\"><span style=\"font-size: 110%; color: #000000;\"><strong>Decal Kh\u1ed5 L\u1edbn<\/strong><\/span><\/h1>\n<p style=\"font-weight: 400;\"><span style=\"font-size: 110%; color: #000000;\">Decal kh\u1ed5 l\u1edbn th\u01b0\u1eddng \u0111\u01b0\u1ee3c s\u1eed d\u1ee5ng trong qu\u1ea3ng c\u00e1o, d\u00e1n l\u00ean nh\u1eefng b\u1ec1 m\u1eb7t c\u00f3 di\u1ec7n t\u00edch r\u1ed9ng nh\u01b0 xe bus, taxi, xe t\u1ea3i nh\u1ecf hay c\u00e1c lo\u1ea1i xe v\u1eadn chuy\u1ec3n h\u00e0ng h\u00f3a. C\u00e1c lo\u1ea1i ph\u01b0\u01a1ng ti\u1ec7n giao th\u00f4ng n\u00e0y l\u00e0 nh\u1eefng ph\u01b0\u01a1ng ti\u1ec7n l\u01b0u th\u00f4ng ph\u1ed5 bi\u1ebfn tr\u00ean kh\u1eafp th\u00e0nh ph\u1ed1 v\u00e0 c\u00e1c n\u01a1i trong c\u1ea3 n\u01b0\u1edbc. d\u00e1n k\u00ednh v\u0103n ph\u00f2ng ho\u1eb7c d\u00e1n t\u01b0\u1eddng trang tr\u00ed, slogan c\u00f4ng ty,..<\/span><\/p>\n<p><span style=\"font-size: 110%; color: #000000;\"><img decoding=\"async\" loading=\"lazy\" class=\"alignnone wp-image-2352\" src=\"http:\/\/innhanh.ai\/wp-content\/uploads\/2024\/07\/307202381_2118868708286007_4123664453918597380_n-1-1024x664-1.jpg\" alt=\"\" width=\"1308\" height=\"848\" \/><\/span><\/p>\n<p style=\"font-weight: 400;\"><span style=\"font-size: 110%; color: #000000;\">Nh\u1eefng t\u1ea5m decal v\u1edbi k\u00edch th\u01b0\u1edbc l\u1edbn \u0111\u01b0\u1ee3c d\u00e1n l\u00ean s\u1ebd thu h\u00fat \u0111\u01b0\u1ee3c ch\u00fa \u00fd r\u1ea5t l\u1edbn c\u1ee7a ng\u01b0\u1eddi d\u00e2n. T\u1eeb \u0111\u00f3 \u0111\u1ea1t \u0111\u01b0\u1ee3c k\u1ebft qu\u1ea3 qu\u1ea3ng c\u00e1o r\u1ea5t t\u1ed1t cho c\u00e1c doanh nghi\u1ec7p s\u1ea3n xu\u1ea5t kinh doanh s\u1ea3n ph\u1ea9m.\u00a0<\/span><\/p>\n<p><span style=\"font-size: 110%; color: #000000;\"><img decoding=\"async\" loading=\"lazy\" class=\"\" src=\"https:\/\/bizweb.dktcdn.net\/100\/503\/497\/files\/content-decal-mo-dan-kinh.jpg?v=1714182346477\" width=\"1287\" height=\"892\" \/><\/span><\/p>\n<p style=\"font-weight: 400;\"><span style=\"font-size: 110%; color: #000000;\">\u01afU \u0110I\u1ec2M:<\/span><\/p>\n<p style=\"font-weight: 400;\"><span style=\"font-size: 110%; color: #000000;\">&#8211; Ch\u1ecbu \u0111\u01b0\u1ee3c n\u01b0\u1edbc tr\u1ef1c ti\u1ebfp<\/span><br \/>\n<span style=\"font-size: 110%; color: #000000;\">&#8211; \u0110\u1ed9 b\u1ec1n cao<\/span><br \/>\n<span style=\"font-size: 110%; color: #000000;\">&#8211; Kh\u00f4ng gi\u1edbi h\u1ea1n s\u1ed1 l\u01b0\u1ee3ng<\/span><br \/>\n<span style=\"font-size: 110%; color: #000000;\">&#8211; Th\u1eddi gian th\u00e0nh ph\u1ea9m nhanh (c\u00f3 th\u1ec3 l\u1ea5y ngay v\u1edbi s\u1ed1 l\u01b0\u1ee3ng \u00edt)<\/span><br \/>\n<span style=\"font-size: 110%; color: #000000;\">&#8211; M\u00e0u s\u1eafc lu\u00f4n \u0111\u01b0\u1ee3c \u0111\u1ea3m b\u1ea3o<\/span><\/p>\n<p style=\"font-weight: 400;\"><span style=\"font-size: 110%; color: #000000;\">\u00a0 KHUY\u1ebeT \u0110I\u1ec2M:<\/span><\/p>\n<p style=\"font-weight: 400;\"><span style=\"font-size: 110%; color: #000000;\">&#8211; Gi\u00e1 th\u00e0nh cao h\u01a1n ch\u1ea5t li\u1ec7u PP<\/span><\/p>\n<p><span style=\"font-size: 110%; color: #000000;\"><img decoding=\"async\" src=\"https:\/\/bizweb.dktcdn.net\/100\/503\/497\/files\/094121-dan-decal-kinh-van-phong-tai-quan-11-01.jpg?v=1714182209607\" \/><\/span><\/p>\n<p style=\"font-weight: 400;\"><span style=\"font-size: 110%; color: #000000;\"><b><strong>C\u00f4ng N\u0103ng V\u00e0 M\u1ee5c \u0110\u00edch S\u1eed D\u1ee5ng<\/strong><\/b><\/span><\/p>\n<p style=\"font-weight: 400;\"><span style=\"font-size: 110%; color: #000000;\">Decal kh\u1ed5 l\u1edbn th\u01b0\u1eddng \u0111\u01b0\u1ee3c s\u1eed d\u1ee5ng trong qu\u1ea3ng c\u00e1o, d\u00e1n l\u00ean nh\u1eefng b\u1ec1 m\u1eb7t c\u00f3 di\u1ec7n t\u00edch r\u1ed9ng nh\u01b0 xe bus, taxi, xe t\u1ea3i nh\u1ecf hay c\u00e1c lo\u1ea1i xe v\u1eadn chuy\u1ec3n h\u00e0ng h\u00f3a. Ngo\u00e0i ra, Decal kh\u1ed5 l\u1edbn c\u00f2n th\u01b0\u1eddng d\u00f9ng d\u00e1n k\u00ednh v\u0103n ph\u00f2ng ho\u1eb7c d\u00e1n t\u01b0\u1eddng trang tr\u00ed, slogan c\u00f4ng ty,&#8230;<\/span><\/p>\n<p><span style=\"font-size: 110%; color: #000000;\"><img decoding=\"async\" loading=\"lazy\" class=\"alignnone size-full wp-image-2345\" src=\"http:\/\/innhanh.ai\/wp-content\/uploads\/2024\/07\/Quy-trinh-thi-cong-dan-decal-quang-cao-xe-buyt.jpg\" alt=\"\" width=\"1432\" height=\"786\" \/><img decoding=\"async\" loading=\"lazy\" class=\"alignnone wp-image-2347\" src=\"http:\/\/innhanh.ai\/wp-content\/uploads\/2024\/07\/Decal-Truck3-1.png\" alt=\"\" width=\"609\" height=\"605\" \/> <img decoding=\"async\" loading=\"lazy\" class=\"alignnone wp-image-2348\" src=\"http:\/\/innhanh.ai\/wp-content\/uploads\/2024\/07\/Decal-Truck-2-1.png\" alt=\"\" width=\"613\" height=\"604\" \/><img decoding=\"async\" loading=\"lazy\" class=\"alignnone wp-image-2349\" src=\"http:\/\/innhanh.ai\/wp-content\/uploads\/2024\/07\/061932ab8f4518c618a7d9f05fdd2ef6.jpg\" alt=\"\" width=\"1305\" height=\"994\" \/> <img decoding=\"async\" loading=\"lazy\" class=\"alignnone wp-image-2350\" src=\"http:\/\/innhanh.ai\/wp-content\/uploads\/2024\/07\/z3009607995368_3a48d63b0426a1bf0f12a9b400128eb1-1024x1024-1.jpg\" alt=\"\" width=\"1312\" height=\"1312\" \/> <img decoding=\"async\" loading=\"lazy\" class=\"alignnone wp-image-2351\" src=\"http:\/\/innhanh.ai\/wp-content\/uploads\/2024\/07\/dan-decal-quang-cao.jpg\" alt=\"\" width=\"1316\" height=\"1237\" \/><img decoding=\"async\" loading=\"lazy\" class=\"alignnone wp-image-2346\" src=\"http:\/\/innhanh.ai\/wp-content\/uploads\/2024\/07\/1653039080296550a71e3b23e32d27b88262794a8f_thumbnail_720x.jpg\" alt=\"\" width=\"1349\" height=\"1797\" \/><\/span><\/p>\n<p>&nbsp;<\/p>\n<p><span style=\"font-size: 110%; color: #000000;\"><strong>\u00a0\u2014\u2014\u2014\u2014\u2014\u2014\u2014\u2014\u2014\u2014\u2014\u2014\u2014\u2014\u2014\u2014\u2014\u2014\u2014\u2014\u2014\u2014\u2014\u2014\u2014\u2014\u2014\u2014\u2014\u2014\u2014\u2014\u2014\u2014\u2014\u2014\u2013<\/strong><\/span><\/p>\n<p><span style=\"font-size: 110%; color: #000000;\"><strong>LI\u00caN H\u1ec6 D\u1ecaCH V\u1ee4 IN NHANH <\/strong><strong>GI\u00c1 R\u1eba T\u1ea0I TP HCM.<\/strong><\/span><\/p>\n<ul>\n<li><span style=\"font-size: 110%; color: #000000;\"><b>D\u1ecaCH V\u1ee4 IN NHANH AIPRINT\u00a0<\/b><\/span><\/li>\n<li><span style=\"font-size: 110%; color: #000000;\"><strong>Hotline:<\/strong>\u00a008 2828 3366 \u2013 083 850 3366<\/span><\/li>\n<li><span style=\"font-size: 110%; color: #000000;\"><strong>Website:<\/strong>\u00a0<a style=\"color: #000000;\" href=\"https:\/\/innhanh.ai\/\">www.innhanh.ai<\/a>\u00a0\u2013\u00a0<a style=\"color: #000000;\" href=\"https:\/\/aiprint.vn\/\">www.aiprint.vn<\/a><\/span><\/li>\n<li><span style=\"font-size: 110%; color: #000000;\"><strong>Email:<\/strong>\u00a0lienhe@innhanh.Ai \u2013 aiprint.vn@gmail.com<\/span><\/li>\n<li><span style=\"font-size: 110%; color: #000000;\"><strong>Fanpage:<\/strong>\u00a0<a style=\"color: #000000;\" href=\"https:\/\/www.facebook.com\/aiprint.vn\/\">https:\/\/www.facebook.com\/aiprint.vn<\/a><\/span><\/li>\n<\/ul>\n<p><span style=\"font-size: 110%; color: #000000;\"><strong>\u0110\u1ecba ch\u1ec9:\u00a0<\/strong>\u00a057 V\u0169 Tr\u1ecdng Ph\u1ee5ng, Ph\u01b0\u1eddng T\u00e2n Th\u00e0nh, Qu\u1eadn T\u00e2n Ph\u00fa, TP. H\u1ed3 Ch\u00ed Minh.<\/span><\/p>\n<p><span style=\"font-size: 110%; color: #000000;\"><img decoding=\"async\" loading=\"lazy\" class=\"alignnone size-full wp-image-1138\" src=\"http:\/\/innhanh.ai\/wp-content\/uploads\/2023\/09\/1134-01.jpg\" alt=\"\" width=\"1922\" height=\"401\" \/><\/span><\/p>\n","protected":false},"excerpt":{"rendered":"<p>&#8211; M\u00e0u s\u1eafc: nhi\u1ec1u m\u00e0u\u00a0<i title=\"\" data-original-title=\"Nhi\u1ec1u m\u00e0u hay in 4 m\u00e0u l\u00e0 in tr\u00ean h\u1ec7 m\u00e0u CMYK, g\u1ed3m 4 m\u00e0u l\u1ee5c lam, h\u1ed3ng \u0111\u1ecf, v\u00e0ng, \u0111en. 4 m\u00e0u n\u00e0y s\u1ebd \u0111\u01b0\u1ee3c tr\u1ed9n l\u1ea1i v\u1edbi nhau theo t\u1ec9 l\u1ec7 nh\u1ea5t \u0111\u1ecbnh, t\u1ea1o ra \u0111\u01b0\u1ee3c b\u1ea5t k\u1ef3 m\u00e0u s\u1eafc, h\u00ecnh d\u1ea1ng thi\u1ebft k\u1ebf n\u00e0o.\" data-placement=\"right\" data-toggle=\"tooltip\"><\/i><br \/>\n&#8211; S\u1ed1 m\u1eb7t in: 1 m\u1eb7t<br \/>\n&#8211; K\u1ef9 thu\u1eadt in:\u00a0In KTS\u00a0<i data-original-title=\"L\u00e0\u00a0ph\u01b0\u01a1ng ph\u00e1p in \u1ea5n hi\u1ec7n \u0111\u1ea1i s\u1eed d\u1ee5ng c\u00f4ng ngh\u1ec7\u00a0k\u1ef9\u00a0th\u1eadt\u00a0s\u1ed1\u00a0v\u00e0o in \u1ea5n, c\u00e1c h\u00ecnh \u1ea3nh\u00a0k\u1ef9 thu\u1eadt s\u1ed1\u00a0\u0111\u01b0\u1ee3c ph\u00e2n t\u00edch v\u00e0 \u0111\u01b0a v\u00e0o in \u1ea5n tr\u1ef1c ti\u1ebfp cho ra c\u00e1c s\u1ea3n ph\u1ea9m ngay l\u1eadp t\u1ee9c \u0111\u00e1p \u1ee9ng khi b\u1ea1n c\u1ea7n in nhanh v\u1edbi s\u1ed1 l\u01b0\u1ee3ng s\u1ed1 l\u01b0\u1ee3ng v\u1eeba v\u00e0 nh\u1ecf\" data-placement=\"bottom\" data-toggle=\"tooltip\"><\/i><br \/>\n&#8211; C\u1eaft th\u00e0nh ph\u1ea9m<\/p>\n<p><label for=\"product\">&#8211; Lo\u1ea1i Gi\u1ea5y: decal tr\u1eafng s\u1eefa, decal trong<\/label><\/p>\n<p>&#8211; K\u00edch th\u01b0\u1edbc: \u0110a d\u1ea1ng<\/p>\n","protected":false},"featured_media":2354,"comment_status":"closed","ping_status":"closed","template":"","meta":{"_monsterinsights_skip_tracking":false,"_monsterinsights_sitenote_active":false,"_monsterinsights_sitenote_note":"","_monsterinsights_sitenote_category":0},"product_cat":[47],"product_tag":[],"aioseo_notices":[],"_links":{"self":[{"href":"https:\/\/innhanh.ai\/index.php\/wp-json\/wp\/v2\/product\/2344"}],"collection":[{"href":"https:\/\/innhanh.ai\/index.php\/wp-json\/wp\/v2\/product"}],"about":[{"href":"https:\/\/innhanh.ai\/index.php\/wp-json\/wp\/v2\/types\/product"}],"replies":[{"embeddable":true,"href":"https:\/\/innhanh.ai\/index.php\/wp-json\/wp\/v2\/comments?post=2344"}],"wp:featuredmedia":[{"embeddable":true,"href":"https:\/\/innhanh.ai\/index.php\/wp-json\/wp\/v2\/media\/2354"}],"wp:attachment":[{"href":"https:\/\/innhanh.ai\/index.php\/wp-json\/wp\/v2\/media?parent=2344"}],"wp:term":[{"taxonomy":"product_cat","embeddable":true,"href":"https:\/\/innhanh.ai\/index.php\/wp-json\/wp\/v2\/product_cat?post=2344"},{"taxonomy":"product_tag","embeddable":true,"href":"https:\/\/innhanh.ai\/index.php\/wp-json\/wp\/v2\/product_tag?post=2344"}],"curies":[{"name":"wp","href":"https:\/\/api.w.org\/{rel}","templated":true}]}}