{"id":2580,"date":"2025-01-20T04:33:47","date_gmt":"2025-01-20T04:33:47","guid":{"rendered":"https:\/\/innhanh.ai\/?post_type=product&#038;p=2580"},"modified":"2025-01-21T05:00:03","modified_gmt":"2025-01-21T05:00:03","slug":"in-tem-nhan-trai-cay-dua-luoi","status":"publish","type":"product","link":"https:\/\/innhanh.ai\/index.php\/product\/in-tem-nhan-trai-cay-dua-luoi\/","title":{"rendered":"IN TEM NH\u00c3N TR\u00c1I C\u00c2Y \u2013 D\u01afA L\u01af\u1edaI"},"content":{"rendered":"<p><img decoding=\"async\" loading=\"lazy\" class=\"alignnone size-full wp-image-2582\" src=\"http:\/\/innhanh.ai\/wp-content\/uploads\/2025\/01\/Ajuma_dua-luoi-bien-hang-nga3_20220916135925213.jpg\" alt=\"\" width=\"1536\" height=\"2048\" \/> <img decoding=\"async\" loading=\"lazy\" class=\"alignnone  wp-image-2581\" src=\"http:\/\/innhanh.ai\/wp-content\/uploads\/2025\/01\/dua-ichiba.jpg\" alt=\"\" width=\"1180\" height=\"786\" \/><\/p>\n<figure id=\"attachment_2583\" aria-describedby=\"caption-attachment-2583\" style=\"width: 1620px\" class=\"wp-caption alignnone\"><img decoding=\"async\" loading=\"lazy\" class=\"size-full wp-image-2583\" src=\"http:\/\/innhanh.ai\/wp-content\/uploads\/2025\/01\/dua-luoi-ichiba-vietgap-vua-dua-luoi-2-1.jpg\" alt=\"\" width=\"1620\" height=\"1620\" \/><figcaption id=\"caption-attachment-2583\" class=\"wp-caption-text\">Dua Luoi Sach &#8211; Chuan VIETGAP &#8211; Huong den Thuong Hieu Quoc Gia<\/figcaption><\/figure>\n<p><strong>\u2014\u2014\u2014\u2014\u2014\u2014\u2014\u2014\u2014\u2014\u2014\u2014\u2014\u2014\u2014\u2014\u2014\u2014\u2014\u2014\u2014\u2014\u2014\u2014\u2014\u2014\u2014\u2014\u2014\u2014\u2014\u2014\u2014\u2014\u2014\u2014\u2013<\/strong><\/p>\n<p><strong>LI\u00caN H\u1ec6 D\u1ecaCH V\u1ee4 IN NHANH GI\u00c1 R\u1eba T\u1ea0I TP HCM.<\/strong><\/p>\n<ul>\n<li><b>D\u1ecaCH V\u1ee4 IN NHANH AIPRINT\u00a0<\/b><\/li>\n<li><strong>Hotline:<\/strong>\u00a008 2828 3366 \u2013 083 850 3366<\/li>\n<li><strong>Website:<\/strong>\u00a0<a href=\"https:\/\/innhanh.ai\/\">www.innhanh.ai<\/a>\u00a0\u2013\u00a0<a href=\"https:\/\/aiprint.vn\/\">www.aiprint.vn<\/a><\/li>\n<li><strong>Email:<\/strong>\u00a0lienhe@innhanh.Ai \u2013 aiprint.vn@gmail.com<\/li>\n<li><strong>Fanpage:<\/strong>\u00a0<a href=\"https:\/\/www.facebook.com\/aiprint.vn\/\">https:\/\/www.facebook.com\/aiprint.vn<\/a><\/li>\n<li><strong>\u0110\u1ecba ch\u1ec9:\u00a0<\/strong>\u00a057 V\u0169 Tr\u1ecdng Ph\u1ee5ng, Ph\u01b0\u1eddng T\u00e2n Th\u00e0nh, Qu\u1eadn T\u00e2n Ph\u00fa, TP. H\u1ed3 Ch\u00ed Minh.<\/li>\n<\/ul>\n<p><img decoding=\"async\" loading=\"lazy\" class=\"alignnone size-full wp-image-1152\" src=\"http:\/\/innhanh.ai\/wp-content\/uploads\/2024\/06\/1134-01-1.jpg\" alt=\"\" width=\"1922\" height=\"401\" \/><\/p>\n","protected":false},"excerpt":{"rendered":"<p>\u2014\u2014\u2014\u2014\u2014\u2014\u2014\u2014\u2014\u2014\u2014\u2014\u2014\u2014\u2014\u2014\u2014\u2014\u2014\u2014\u2014\u2014\u2014\u2014\u2014\u2014\u2014\u2014\u2014\u2014\u2014\u2014\u2014\u2014\u2014\u2014\u2013 LI\u00caN H\u1ec6 D\u1ecaCH V\u1ee4 IN NHANH GI\u00c1 R\u1eba T\u1ea0I TP HCM. D\u1ecaCH V\u1ee4 IN NHANH AIPRINT\u00a0 Hotline:\u00a008 2828 3366 \u2013 083 850 3366 Website:\u00a0www.innhanh.ai\u00a0\u2013\u00a0www.aiprint.vn Email:\u00a0lienhe@innhanh.Ai \u2013 aiprint.vn@gmail.com Fanpage:\u00a0https:\/\/www.facebook.com\/aiprint.vn \u0110\u1ecba ch\u1ec9:\u00a0\u00a057 V\u0169 Tr\u1ecdng Ph\u1ee5ng, Ph\u01b0\u1eddng T\u00e2n Th\u00e0nh, Qu\u1eadn T\u00e2n Ph\u00fa, TP. H\u1ed3 Ch\u00ed Minh.<\/p>\n","protected":false},"featured_media":2581,"comment_status":"closed","ping_status":"closed","template":"","meta":{"_monsterinsights_skip_tracking":false,"_monsterinsights_sitenote_active":false,"_monsterinsights_sitenote_note":"","_monsterinsights_sitenote_category":0},"product_cat":[46],"product_tag":[],"aioseo_notices":[],"_links":{"self":[{"href":"https:\/\/innhanh.ai\/index.php\/wp-json\/wp\/v2\/product\/2580"}],"collection":[{"href":"https:\/\/innhanh.ai\/index.php\/wp-json\/wp\/v2\/product"}],"about":[{"href":"https:\/\/innhanh.ai\/index.php\/wp-json\/wp\/v2\/types\/product"}],"replies":[{"embeddable":true,"href":"https:\/\/innhanh.ai\/index.php\/wp-json\/wp\/v2\/comments?post=2580"}],"wp:featuredmedia":[{"embeddable":true,"href":"https:\/\/innhanh.ai\/index.php\/wp-json\/wp\/v2\/media\/2581"}],"wp:attachment":[{"href":"https:\/\/innhanh.ai\/index.php\/wp-json\/wp\/v2\/media?parent=2580"}],"wp:term":[{"taxonomy":"product_cat","embeddable":true,"href":"https:\/\/innhanh.ai\/index.php\/wp-json\/wp\/v2\/product_cat?post=2580"},{"taxonomy":"product_tag","embeddable":true,"href":"https:\/\/innhanh.ai\/index.php\/wp-json\/wp\/v2\/product_tag?post=2580"}],"curies":[{"name":"wp","href":"https:\/\/api.w.org\/{rel}","templated":true}]}}