{"id":430,"date":"2023-09-18T11:18:24","date_gmt":"2023-09-18T10:18:24","guid":{"rendered":"https:\/\/innhanh.ai\/?post_type=product&#038;p=430"},"modified":"2025-01-09T11:19:26","modified_gmt":"2025-01-09T11:19:26","slug":"in-nhanh-decal-kraft","status":"publish","type":"product","link":"https:\/\/innhanh.ai\/index.php\/product\/in-nhanh-decal-kraft\/","title":{"rendered":"IN NHANH DECAL KRAFT"},"content":{"rendered":"<h1 style=\"text-align: center;\"><span style=\"font-size: 110%;\"><strong>TH\u00d4NG TIN S\u1ea2N PH\u1ea8M :<\/strong><\/span><\/h1>\n<p><span style=\"font-size: 110%;\"><img decoding=\"async\" loading=\"lazy\" class=\"wp-image-1831 aligncenter\" src=\"http:\/\/innhanh.ai\/wp-content\/uploads\/2023\/09\/kraft-tape-packhelp-kvb.jpg\" alt=\"\" width=\"872\" height=\"706\" \/><\/span><\/p>\n<p><span style=\"font-size: 110%;\"><strong>Decal gi\u1ea5y kraft<\/strong> l\u00e0 lo\u1ea1i decal c\u00f3 b\u1ec1 m\u1eb7t l\u00e0 m\u1ed9t m\u00e0u n\u00e2u nh\u1ea1t, c\u00f3 l\u1edbp keo ph\u1ee7 d\u00f9ng \u0111\u1ec3 l\u00e0m nh\u00e3n d\u00e1n s\u1ea3n ph\u1ea9m.<\/span><\/p>\n<p><span style=\"font-size: 110%;\">B\u1ec1 m\u1eb7t decal s\u1ed1 \u0111\u1ed9 s\u1ea7n nh\u1eb9, s\u1edf h\u1eefu m\u00e0u s\u1eafc vintage c\u1ee7a gi\u1ea5y kraft. \u00a0V\u1edbi m\u00e0u s\u1eafc \u0111\u1eadm n\u00e9t tinh t\u1ebf, c\u1ed5 \u0111i\u1ec3n v\u00e0 sang tr\u1ecdng s\u1ebd l\u00e0 s\u1ef1 l\u1ef1a ch\u1ecdn ho\u00e0n h\u1ea3o cho nh\u1eefng kh\u00e1ch h\u00e0ng th\u00edch phong c\u00e1ch c\u1ed5 \u0111i\u1ec3n, y\u00eau th\u00edch s\u1ef1 \u1ea5m \u00e1p m\u00e0 decal kraft mang l\u1ea1i.<\/span><\/p>\n<p><span style=\"font-size: 110%;\"><img decoding=\"async\" loading=\"lazy\" class=\"alignnone wp-image-1826\" src=\"http:\/\/innhanh.ai\/wp-content\/uploads\/2023\/09\/cd0147c4b6b37180bb36ff1eb60cde12-1.jpeg\" alt=\"\" width=\"1549\" height=\"1549\" \/><\/span><\/p>\n<p><span style=\"font-size: 110%;\"><strong>&#8211; Ch\u1ea5t li\u1ec7u<\/strong> gi\u1ea5y Decal kraft C\u0169ng gi\u1ed1ng c\u00e1c lo\u1ea1i tem nh\u00e3n kh\u00e1c, m\u1eabu decal gi\u1ea5y Kraft c\u00f3 s\u1eb5n keo d\u00e1n \u1edf m\u1eb7t sau, ch\u1ec9 c\u1ea7n b\u00f3c m\u1ed9t l\u1edbp gi\u1ea5y \u0111\u1ebf m\u1ecfng l\u00e0 c\u00f3 th\u1ec3 s\u1eed d\u1ee5ng \u0111\u01b0\u1ee3c ngay l\u1eadp t\u1ee9c.<\/span><\/p>\n<p><span style=\"font-size: 110%;\"><b>&#8211;\u00a0<span lang=\"VI\">In Decal gi\u1ea5y Kraft<\/span><\/b>\u00a0\u0111\u01b0\u1ee3c in v\u1edbi k\u1ef9 thu\u1eadt in nhanh tr\u00ean c\u00e1c d\u00f2ng m\u00e1y in nhanh hi\u1ec7n \u0111\u1ea1i m\u00e0u s\u1eafc chu\u1ea9n .<\/span><\/p>\n<p><span style=\"font-size: 110%;\"><b>&#8211; <span lang=\"VI\">C\u00e1n M\u00e0ng<\/span><\/b>\u00a0sau khi in xong s\u1ebd \u0111\u01b0\u1ee3c c\u00e1n m\u00e0ng m\u1edd,<span lang=\"VI\"> c\u00e1n m\u00e0ng b\u00f3ng theo y\u00eau c\u1ea7u c\u1ee7a kh\u00e1ch h\u00e0ng <\/span>\u00a0gi\u00fap t\u0103ng \u0111\u1ed9 b\u1ec1n c\u0169ng nh\u01b0 v\u1ebb \u0111\u1eb9p cho\u00a0<span lang=\"VI\">nh\u00e3n d\u00e1n<\/span>.<\/span><\/p>\n<p><span style=\"font-size: 110%;\"><img decoding=\"async\" loading=\"lazy\" class=\"alignnone wp-image-738\" src=\"http:\/\/innhanh.ai\/wp-content\/uploads\/2023\/09\/kraf.jpg\" alt=\"\" width=\"443\" height=\"332\" \/><img decoding=\"async\" loading=\"lazy\" class=\"alignnone wp-image-1111\" src=\"http:\/\/innhanh.ai\/wp-content\/uploads\/2023\/09\/in-decal-giay-00.jpg\" alt=\"\" width=\"412\" height=\"330\" \/><img decoding=\"async\" loading=\"lazy\" class=\"alignnone wp-image-1110\" src=\"http:\/\/innhanh.ai\/wp-content\/uploads\/2023\/09\/057fe061208d7c6f2144fe9ab0a4-materialy-dlya-tvorchestva-naklejka-thank-you-hand-made-with-.jpg\" alt=\"\" width=\"348\" height=\"332\" \/><\/span><\/p>\n<ul>\n<li><span style=\"font-size: 110%;\">B\u1ebf theo d\u1ea1ng\u00a0 h\u00ecnh tr\u00f2n:\u00a0<img decoding=\"async\" loading=\"lazy\" class=\"alignnone wp-image-797\" src=\"http:\/\/innhanh.ai\/wp-content\/uploads\/2023\/09\/hinh-tron-aiprint.png\" alt=\"\" width=\"49\" height=\"49\" \/>\u00a0 K\u00edch th\u01b0\u1edbc (cm) : 2\u00d72; 3\u00d73; 4\u00d74; 5\u00d75; 6\u00d76;\u2026 k\u00edch th\u01b0\u1edbc theo file.<\/span><\/li>\n<li><span style=\"font-size: 110%;\">B\u1ebf theo d\u1ea1ng\u00a0 h\u00ecnh vu\u00f4ng :\u00a0<img decoding=\"async\" loading=\"lazy\" class=\"alignnone wp-image-798\" src=\"http:\/\/innhanh.ai\/wp-content\/uploads\/2023\/09\/hinh-vuong-aiprint.png\" alt=\"\" width=\"52\" height=\"52\" \/>\u00a0 \u00a0 K\u00edch th\u01b0\u1edbc (cm) : 2\u00d72; 3\u00d73; 4\u00d74; 5\u00d75; 6\u00d76;\u2026 k\u00edch th\u01b0\u1edbc theo file.<\/span><\/li>\n<li><span style=\"font-size: 110%;\">B\u1ebf theo d\u1ea1ng\u00a0 h\u00ecnh ch\u1eef nh\u1eadt :<img decoding=\"async\" loading=\"lazy\" class=\"alignnone wp-image-799\" src=\"http:\/\/innhanh.ai\/wp-content\/uploads\/2023\/09\/hinh-chu-nhat-aiprint.png\" alt=\"\" width=\"55\" height=\"55\" \/>\u00a0 K\u00edch th\u01b0\u1edbc : (cm) 11\u00d77; 12\u00d77; 14.5\u00d79; 19\u00d712; 4\u00d72; 5\u00d73; 6\u00d74; 7\u00d75; ;7\u00d72; 8\u00d76 ..<\/span><\/li>\n<li><span style=\"font-size: 110%;\">B\u1ebf\u00a0 h\u00ecnh theo file kh\u00e1ch h\u00e0ng\u00a0 :\u00a0\u00a0<img decoding=\"async\" loading=\"lazy\" class=\"alignnone wp-image-800\" src=\"http:\/\/innhanh.ai\/wp-content\/uploads\/2023\/09\/hinh-theo-file-aiprint.png\" alt=\"\" width=\"72\" height=\"72\" \/>\u00a0k\u00edch th\u01b0\u1edbc (cm) : theo y\u00eau c\u1ea7u.<\/span><\/li>\n<\/ul>\n<p><img decoding=\"async\" loading=\"lazy\" class=\"alignnone size-full wp-image-2453\" src=\"http:\/\/innhanh.ai\/wp-content\/uploads\/2024\/07\/tran-vien-01.jpg\" alt=\"\" width=\"2481\" height=\"1589\" \/><\/p>\n<p><span style=\"font-size: 110%;\"><img decoding=\"async\" loading=\"lazy\" class=\"alignnone wp-image-1108\" src=\"http:\/\/innhanh.ai\/wp-content\/uploads\/2023\/09\/436097309_122135069930175276_1546143168738517468_n.jpg\" alt=\"\" width=\"529\" height=\"704\" \/><img decoding=\"async\" loading=\"lazy\" class=\"alignnone wp-image-1109\" src=\"http:\/\/innhanh.ai\/wp-content\/uploads\/2023\/09\/437099342_122135069816175276_9013658216440328270_n.jpg\" alt=\"\" width=\"704\" height=\"704\" \/><\/span><\/p>\n<p><span style=\"font-size: 110%;\"><img decoding=\"async\" loading=\"lazy\" class=\"alignnone wp-image-1820\" src=\"http:\/\/innhanh.ai\/wp-content\/uploads\/2023\/09\/tem-niem-phong-nap-chai-4.jpg\" alt=\"\" width=\"1411\" height=\"1411\" \/><\/span><\/p>\n<p><span style=\"font-size: 110%;\"><img decoding=\"async\" loading=\"lazy\" class=\"alignnone wp-image-1828\" src=\"http:\/\/innhanh.ai\/wp-content\/uploads\/2023\/09\/057fe061208d7c6f2144fe9ab0a4-materialy-dlya-tvorchestva-naklejka-thank-you-hand-made-with-1-2.jpg\" alt=\"\" width=\"1412\" height=\"1346\" \/> <img decoding=\"async\" loading=\"lazy\" class=\"alignnone wp-image-1829\" src=\"http:\/\/innhanh.ai\/wp-content\/uploads\/2023\/09\/in-decal-giay-00-2.jpg\" alt=\"\" width=\"1435\" height=\"1150\" \/> <img decoding=\"async\" loading=\"lazy\" class=\"alignnone wp-image-1830\" src=\"http:\/\/innhanh.ai\/wp-content\/uploads\/2023\/09\/61kyflFkCPL-1.jpg\" alt=\"\" width=\"1460\" height=\"1095\" \/><\/span><\/p>\n<h3><span style=\"font-size: 110%;\"><b>In<\/b>\u00a0<b><span lang=\"VI\">decal Kraft<\/span><\/b><b>\u00a0<\/b>c\u00f3 t\u00e1c d\u1ee5ng g\u00ec?<\/span><\/h3>\n<ul>\n<li><span lang=\"VI\" style=\"font-size: 110%;\">L\u1edbp keo ch\u1eafc ch\u1eafn c\u00f3 \u0111\u1ed9 b\u1ec1n cao v\u00e0 kh\u00f4ng d\u1ec5 x\u00e9 r\u00e1ch<\/span><\/li>\n<li><span lang=\"VI\" style=\"font-size: 110%;\">Ti\u1ec7n l\u1ee3i d\u1ec5 d\u00e0ng khi s\u1eed d\u1ee5ng, in nhanh v\u1edbi s\u1ed1 l\u01b0\u1ee3ng linh \u0111\u1ed9ng<\/span><\/li>\n<li><span style=\"font-size: 110%;\">Qu\u1ea3ng b\u00e1 h\u00ecnh \u1ea3nh doanh nghi\u1ec7p<span lang=\"VI\">, th\u1ec3 hi\u1ec7n s\u1ef1 chuy\u00ean nghi\u1ec7p trong kinh doanh.<\/span><\/span><\/li>\n<li><span style=\"font-size: 110%;\">T\u1ea1o s\u1ef1 c\u1ea1nh tranh cho s\u1ea3n ph\u1ea9m v\u1edbi c\u00e1c th\u01b0\u01a1ng hi\u1ec7u kh\u00e1c tr\u00ean th\u1ecb tr\u01b0\u1eddng<span lang=\"VI\">.<\/span><\/span><\/li>\n<li><span style=\"font-size: 110%;\"><span lang=\"VI\">Kh\u1eb3ng \u0111\u1ecbnh gi\u00e1 tr\u1ecb<\/span>\u00a0th\u01b0\u01a1ng hi\u1ec7u v\u00e0 th\u00fac \u0111\u1ea9y s\u1ef1 l\u1ef1a ch\u1ecdn c\u1ee7a ng\u01b0\u1eddi ti\u00eau d\u00f9n<span lang=\"VI\">g.<\/span><\/span><\/li>\n<li style=\"text-align: left;\"><span style=\"font-size: 110%;\"><img decoding=\"async\" loading=\"lazy\" class=\"alignnone wp-image-1832\" src=\"http:\/\/innhanh.ai\/wp-content\/uploads\/2023\/09\/unnamed-3.jpg\" alt=\"\" width=\"1357\" height=\"927\" \/> <img decoding=\"async\" loading=\"lazy\" class=\"alignnone wp-image-1833\" src=\"http:\/\/innhanh.ai\/wp-content\/uploads\/2023\/09\/275775617_161253262915658_408340060912900786_n.jpg\" alt=\"\" width=\"1376\" height=\"1376\" \/> <img decoding=\"async\" loading=\"lazy\" class=\"alignnone wp-image-1834\" src=\"http:\/\/innhanh.ai\/wp-content\/uploads\/2023\/09\/dada.jpg\" alt=\"\" width=\"1371\" height=\"986\" \/><\/span><\/li>\n<\/ul>\n<div class=\"social-icons share-icons share-row relative\">\n<p><span style=\"font-size: 110%;\"><strong>\u00a0\u2014\u2014\u2014\u2014\u2014\u2014\u2014\u2014\u2014\u2014\u2014\u2014\u2014\u2014\u2014\u2014\u2014\u2014\u2014\u2014\u2014\u2014\u2014\u2014\u2014\u2014\u2014\u2014\u2014\u2014\u2014\u2014\u2014\u2014\u2014\u2014\u2013<\/strong><\/span><\/p>\n<p><span style=\"font-size: 110%;\"><strong>LI\u00caN H\u1ec6 D\u1ecaCH V\u1ee4 IN NHANH DECAL KRAFT GI\u00c1 R\u1eba T\u1ea0I TP HCM.<\/strong><\/span><\/p>\n<ul>\n<li><span style=\"font-size: 110%;\"><b>D\u1ecaCH V\u1ee4 IN NHANH AIPRINT\u00a0<\/b><\/span><\/li>\n<li><span style=\"font-size: 110%;\"><strong>Hotline:<\/strong>\u00a008 2828 3366 \u2013 083 850 3366<\/span><\/li>\n<li><span style=\"font-size: 110%;\"><strong>Website:<\/strong>\u00a0<a href=\"https:\/\/innhanh.ai\/\">www.innhanh.ai<\/a>\u00a0\u2013\u00a0<a href=\"https:\/\/aiprint.vn\/\">www.aiprint.vn<\/a><\/span><\/li>\n<li><span style=\"font-size: 110%;\"><strong>Email:<\/strong>\u00a0lienhe@innhanh.Ai \u2013 aiprint.vn@gmail.com<\/span><\/li>\n<li><span style=\"font-size: 110%;\"><strong>Fanpage:<\/strong>\u00a0<a href=\"https:\/\/www.facebook.com\/aiprint.vn\/\">https:\/\/www.facebook.com\/aiprint.vn<\/a><\/span><\/li>\n<li><span style=\"font-size: 110%;\"><strong>\u0110\u1ecba ch\u1ec9:\u00a0<\/strong>\u00a057 V\u0169 Tr\u1ecdng Ph\u1ee5ng, Ph\u01b0\u1eddng T\u00e2n Th\u00e0nh, Qu\u1eadn T\u00e2n Ph\u00fa, TP. H\u1ed3 Ch\u00ed Minh.<\/span><\/li>\n<\/ul>\n<p><span style=\"font-size: 110%;\"><img decoding=\"async\" loading=\"lazy\" class=\"alignnone size-full wp-image-1138\" src=\"http:\/\/innhanh.ai\/wp-content\/uploads\/2023\/09\/1134-01.jpg\" alt=\"\" width=\"1922\" height=\"401\" \/><\/span><\/p>\n<\/div>\n","protected":false},"excerpt":{"rendered":"<div class=\"block-price-details\">\n<div class=\"box-price-details\"><span class=\"new-price-details\"><span class=\"p-from\"><span style=\"color: #0000ff;\"><strong>IN NHANH<\/strong><\/span> Gi\u00e1 Ch\u1ec9 t\u1eeb <\/span><span style=\"color: #ff0000;\"><strong>300\u0111<\/strong><\/span><span style=\"color: #0000ff;\">\/con tem.<\/span><\/span><\/div>\n<div>\n<div class=\"block-price-details\">\n<div class=\"box-price-details\">\n<table class=\"table table-bordered\" style=\"height: 192px;\" width=\"562\">\n<tbody>\n<tr>\n<td><b>\u2705 Ch\u1ea5t Li\u1ec7u<\/b><\/td>\n<td>\u2b50Decal gi\u1ea5y kraft,..<\/td>\n<\/tr>\n<tr>\n<td><b>\u2705 Thi\u1ebft K\u1ebf<\/b><\/td>\n<td>\u2b50 Chuy\u00ean nghi\u1ec7p, tu\u1ef3 ch\u1ec9nh theo nhu c\u1ea7u kh\u00e1ch h\u00e0ng<\/td>\n<\/tr>\n<tr>\n<td><b>\u2705 Gia C\u00f4ng<\/b><\/td>\n<td>\u2b50\u00a0C\u00e1n m\u00e0ng b\u00f3ng, c\u00e1n m\u00e0ng m\u1edd, c\u1eaft b\u1ebf, \u00e9p,&#8230;<\/td>\n<\/tr>\n<tr>\n<td><b>\u2705 K\u00edch Th\u01b0\u1edbc<\/b><\/td>\n<td>\u2b50 \u0110a d\u1ea1ng, \u0111i\u1ec1u ch\u1ec9nh theo y\u00eau c\u1ea7u c\u1ee7a kh\u00e1ch h\u00e0ng<\/td>\n<\/tr>\n<tr>\n<td><b>\u2705 Chi Ph\u00ed<\/b><\/td>\n<td>\u2b50 Gi\u00e1 c\u1ea3 c\u1ea1nh tranh, ti\u1ebft ki\u1ec7m<\/td>\n<\/tr>\n<tr>\n<td><b>\u2705 Giao H\u00e0ng<\/b><\/td>\n<td>\u2b50 Nhanh ch\u00f3ng<\/td>\n<\/tr>\n<\/tbody>\n<\/table>\n<\/div>\n<\/div>\n<ul>\n<li><span style=\"color: #800000; font-size: 110%;\"><span style=\"color: #ff0000;\">\u0110\u1eb7t In : 0828283366 &#8211; 0838503366<\/span><\/span><\/li>\n<li><span style=\"color: #0000ff; font-size: 110%;\">Email: lienhe@innhanh.ai<\/span><\/li>\n<\/ul>\n<p>&nbsp;<\/p>\n<\/div>\n<\/div>\n","protected":false},"featured_media":1108,"comment_status":"open","ping_status":"closed","template":"","meta":{"_monsterinsights_skip_tracking":false,"_monsterinsights_sitenote_active":false,"_monsterinsights_sitenote_note":"","_monsterinsights_sitenote_category":0},"product_cat":[47],"product_tag":[],"aioseo_notices":[],"_links":{"self":[{"href":"https:\/\/innhanh.ai\/index.php\/wp-json\/wp\/v2\/product\/430"}],"collection":[{"href":"https:\/\/innhanh.ai\/index.php\/wp-json\/wp\/v2\/product"}],"about":[{"href":"https:\/\/innhanh.ai\/index.php\/wp-json\/wp\/v2\/types\/product"}],"replies":[{"embeddable":true,"href":"https:\/\/innhanh.ai\/index.php\/wp-json\/wp\/v2\/comments?post=430"}],"wp:featuredmedia":[{"embeddable":true,"href":"https:\/\/innhanh.ai\/index.php\/wp-json\/wp\/v2\/media\/1108"}],"wp:attachment":[{"href":"https:\/\/innhanh.ai\/index.php\/wp-json\/wp\/v2\/media?parent=430"}],"wp:term":[{"taxonomy":"product_cat","embeddable":true,"href":"https:\/\/innhanh.ai\/index.php\/wp-json\/wp\/v2\/product_cat?post=430"},{"taxonomy":"product_tag","embeddable":true,"href":"https:\/\/innhanh.ai\/index.php\/wp-json\/wp\/v2\/product_tag?post=430"}],"curies":[{"name":"wp","href":"https:\/\/api.w.org\/{rel}","templated":true}]}}